{"id":1871,"date":"2025-01-10T15:59:50","date_gmt":"2025-01-10T18:59:50","guid":{"rendered":"https:\/\/ipremburitama.sp.gov.br\/?page_id=1871"},"modified":"2025-01-10T15:59:50","modified_gmt":"2025-01-10T18:59:50","slug":"relatorio-de-gestao-atuarial","status":"publish","type":"page","link":"https:\/\/teste.vtec.net.br\/index.php\/relatorio-de-gestao-atuarial\/","title":{"rendered":"Relat\u00f3rio de Gest\u00e3o Atuarial"},"content":{"rendered":"<p><img decoding=\"async\" class=\"\" src=\"https:\/\/teste.vtec.net.br\/wp-content\/uploads\/2024\/09\/download-300x281.png\" width=\"42\" height=\"40\" \/><a href=\"https:\/\/teste.vtec.net.br\/wp-content\/uploads\/2025\/08\/Relatorio-Gestao-Atuarial-2024.pdf\">Relat\u00f3rio Gest\u00e3o Atuarial 2024<\/a><\/p>\n<p><img decoding=\"async\" class=\"\" src=\"https:\/\/teste.vtec.net.br\/wp-content\/uploads\/2024\/09\/download-300x281.png\" width=\"42\" height=\"40\" \/><a href=\"https:\/\/teste.vtec.net.br\/wp-content\/uploads\/2025\/08\/Relatorio-de-Gestao-Atuarial-2023.pdf\">Relat\u00f3rio de Gest\u00e3o Atuarial 2023<\/a><\/p>\n<p><img decoding=\"async\" class=\"\" src=\"https:\/\/teste.vtec.net.br\/wp-content\/uploads\/2024\/09\/download-300x281.png\" width=\"42\" height=\"40\" \/><a href=\"https:\/\/teste.vtec.net.br\/wp-content\/uploads\/2025\/08\/Relatorio-de-Gestao-Atuarial-2022.pdf\">Relat\u00f3rio de Gest\u00e3o Atuarial 2022<\/a><\/p>\n","protected":false},"excerpt":{"rendered":"<p>Relat\u00f3rio Gest\u00e3o Atuarial 2024 Relat\u00f3rio de Gest\u00e3o Atuarial 2023 Relat\u00f3rio de Gest\u00e3o Atuarial 2022<\/p>\n","protected":false},"author":2,"featured_media":0,"parent":0,"menu_order":0,"comment_status":"closed","ping_status":"closed","template":"","meta":{"footnotes":""},"class_list":["post-1871","page","type-page","status-publish","hentry"],"featured_media_urls":[],"_links":{"self":[{"href":"https:\/\/teste.vtec.net.br\/index.php\/wp-json\/wp\/v2\/pages\/1871","targetHints":{"allow":["GET"]}}],"collection":[{"href":"https:\/\/teste.vtec.net.br\/index.php\/wp-json\/wp\/v2\/pages"}],"about":[{"href":"https:\/\/teste.vtec.net.br\/index.php\/wp-json\/wp\/v2\/types\/page"}],"author":[{"embeddable":true,"href":"https:\/\/teste.vtec.net.br\/index.php\/wp-json\/wp\/v2\/users\/2"}],"replies":[{"embeddable":true,"href":"https:\/\/teste.vtec.net.br\/index.php\/wp-json\/wp\/v2\/comments?post=1871"}],"version-history":[{"count":0,"href":"https:\/\/teste.vtec.net.br\/index.php\/wp-json\/wp\/v2\/pages\/1871\/revisions"}],"wp:attachment":[{"href":"https:\/\/teste.vtec.net.br\/index.php\/wp-json\/wp\/v2\/media?parent=1871"}],"curies":[{"name":"wp","href":"https:\/\/api.w.org\/{rel}","templated":true}]}}